te?
True
Let c be (-3)/15 - 32/(-10). Suppose c*s + 22 + 2 = 0. Let b = s - -73. Is b a prime number?
False
Let z = -31 - -16. Is (-2)/5 - 1461/z a prime number?
True
Suppose 0 = 18*f - 14*f - 4220. Is f prime?
False
Is -6 + -3 + 11 + 1*996 composite?
True
Let k be (2/(-5))/((-2)/(-10)). Is (-340)/k - (-1 + 4) prime?
True
Suppose 0 = -3*a - a. Suppose -20 = -5*v - 5. Let z = v + a. Is z prime?
True
Suppose d - 7 + 2 = 0. Suppose -2*f = -4*x - 434, -d*f = -2*x + 317 - 1378. Is f composite?
False
Let w(c) = 44*c**2 + 3*c - 3. Is w(2) a composite number?
False
Let i be 25/10*4/5. Let m(v) = 16*v**2 + 2*v - 1. Is m(i) prime?
True
Let p(d) = 52*d**2 - d + 1. Suppose -4*x = 5*o + 22, 0*x + 2*x = 5*o + 4. Is p(o) a prime number?
True
Let r(y) = y**2 - 6*y. Let f be r(6). Suppose 4*j = -5*d + 1133, -3*d = -f*d + 5*j - 672. Suppose x = -4*q + 165 + 35, 5*q - d = 4*x. Is q a prime number?
False
Suppose 4 = -4*r - 3*h + 406, 0 = 2*r - 2*h - 194. Let q = -56 + r. Is q prime?
True
Let m = 56 - 168. Let t = m + 163. Is t a prime number?
False
Suppose -16 - 8 = -2*z. Suppose 8*h - z*h + 1340 = 0. Is h a composite number?
True
Suppose -3*w + 2*d - 12 = -4*w, 2*d - 24 = -4*w. Suppose w*p - 189 = 3*p + 4*h, -3*p = 3*h - 552. Is p a prime number?
False
Suppose b + 5*u - u = 59, -271 = -5*b + 4*u. Is b prime?
False
Suppose -15 = -5*v + 5*s - s, -2*v - 2*s - 12 = 0. Suppose 6*i = 2*i + 8. Is 19 - (-2 + i)/v prime?
True
Let f(v) = v**3 + v**2 + 2. Let y be f(0). Suppose -s + 159 = 3*b + y*s, -5*b = -3*s - 281. Is b prime?
False
Suppose 2*g = -4*g + 9366. Is g composite?
True
Let c = 1604 - 937. Is c composite?
True
Let i be 12/20 + 56/(-10). Let o(p) = -p - 1. Let a be o(i). Suppose b = a*b - 1185. Is b composite?
True
Let a(t) = 137*t**3 - t**2 - t + 1. Let w be a(1). Suppose -5*x + c + 333 = 0, 0 = -2*x - 3*c + 2*c + w. Is x prime?
True
Suppose 3*j - 1 - 2 = 0. Is j/(0 - 2/(-262)) a composite number?
False
Let z = 72 + 55. Is z a prime number?
True
Suppose -4*c - 2*l = -0*c + 534, c = -4*l - 151. Let t = -66 - c. Is t composite?
True
Let u(x) = 15*x**3 - 5*x**2 + 21. Is u(4) a composite number?
True
Let n = 3429 - 2068. Is n composite?
False
Let i be 3556/21 - 2/(-3). Suppose 0*a = -2*a - 10, -5*p - 2*a = i. Let o = p - -71. Is o a composite number?
True
Let b(g) = g**2 + 10. Let z be b(0). Suppose 2*t + 22 = 4*h, 4*h + z - 47 = 5*t. Suppose -h*i = -2*m - m + 30, 29 = 2*m + i. Is m prime?
True
Suppose 15 + 21 = 2*u. Let y be 22/18 - 4/u. Is 102/y*(-7)/(-14) prime?
False
Let s = -4 + 9. Suppose 0*v - s*v = -35. Is v a composite number?
False
Let r = 528 + -207. Is r a prime number?
False
Let x be (-1386)/(-12) + 2/(-4). Suppose 20 - x = -5*k. Is k prime?
True
Let t = -6 + 280. Is t a composite number?
True
Let g = 49 - -330. Is g composite?
False
Let i = 234 + -79. Suppose 5*d + 2*m - 155 = 0, d + i = 6*d + 5*m. Is d prime?
True
Suppose 0 = -5*z - 0*z. Suppose -5*y - 220 = -5*l, 4*y - 136 = -4*l - z*y. Is l a prime number?
False
Let v = -1 + 3. Suppose 290 = 3*m + v*m. Is m composite?
True
Let t = 18 + -11. Let j(r) = 3*r**2 - 11*r + 7. Is j(t) composite?
True
Let a(y) = -462*y**3 - y**2 - 4*y - 3. Is a(-2) a prime number?
True
Suppose 0 = -3*k + 2*c - 7*c + 19, -2*c + 1 = -k. Let h(r) = -r + 2. Let l be h(k). Is ((-83)/l)/(1 + 0) a prime number?
True
Let x = -4 - -10. Let g be (9/x)/(2/192). Suppose -3*o + 36 = 4*c - 61, -2*c = -4*o + g. Is o a prime number?
False
Suppose 5*o - 29 = -g, 2*g - 3*o - 2 + 9 = 0. Suppose -g*s = -0*s - 332. Is s composite?
False
Let v(d) = -d**3 - 4*d + 5. Suppose r - 11 = 3*o, -o = 3*o + 2*r + 18. Is v(o) prime?
False
Suppose -5 + 348 = 7*i. Is i composite?
True
Let u be (8/(-4))/(2/(-4)). Let j = u - -2. Is j a prime number?
False
Let h be 5/(10/(-4)) + 6. Suppose h*k = -3*m - 30, -k + m - 11 = -0*k. Let s = 14 - k. Is s a composite number?
False
Suppose -3*i = -c - 261, -c + 4*i = 161 + 101. Let d = c + 407. Is d composite?
False
Suppose 910 = 5*p + 4*r, 15 = 3*r - 0. Is p prime?
False
Suppose -r = 3*h - 0 + 9, 4 = -2*h. Is (10 + 0)/((-2)/r) a composite number?
True
Let k = 175 + 8. Is k composite?
True
Let r = -1057 + 1844. Is r a prime number?
True
Let a(f) = 12*f**3 - 6*f**2 + 9*f - 1. Is a(4) composite?
True
Let z(x) = -x**2 + 4. Let l be z(3). Is 207 + (-2)/5*l prime?
False
Suppose 12 + 50 = 2*a. Is a a composite number?
False
Let b(f) = -f**3 + f**2 - 14*f - 19. Let u be b(-8). Let x(l) = -339*l - 1. Let c be x(1). Let d = u + c. Is d a prime number?
False
Is ((-190)/(-6))/(11/33) a prime number?
False
Let w = 4247 - 2590. Is w prime?
True
Suppose 3*n - 114 = 351. Is n a composite number?
True
Suppose 0*x - 8 = -2*x. Suppose -m = m + 5*s - 401, 0 = m + x*s - 199. Is m composite?
True
Suppose 9*m = 2586 + 2103. Is m a composite number?
False
Let h be (30/1)/1 - 2. Let i be 3/2*h/6. Let d(g) = g + 8. Is d(i) a composite number?
True
Let u(n) = 675*n - 6. Is u(1) composite?
True
Let d be (-5 + (3 - 2))*-12. Suppose 3*t - d = 2*t. Suppose 0 = g - 5*z - 36, 3*g + 0*g = -5*z + t. Is g a prime number?
False
Let u = 22 + -5. Let f = u + -10. Is f a composite number?
False
Let b(m) be the second derivative of m**4/6 - 5*m**3/6 + 13*m**2/2 - m. Is b(10) a composite number?
False
Let t(a) = 38*a**2 - 2*a - 5. Let d be t(8). Suppose d - 423 = 4*y. Is y a prime number?
False
Let j be (-28)/(-6) - (-6)/(-9). Let l be 376/10 + j/10. Suppose -p - l = -3*p. Is p prime?
True
Let y = 233 + -92. Is y a prime number?
False
Suppose -166 = -5*w + 1659. Is w prime?
False
Suppose 6*c - 9*c = -5151. Is c a composite number?
True
Suppose -22*p = -25*p + 1605. Is p prime?
False
Suppose r + 10 = n + 2*n, -r = -n. Suppose 0 = -3*v + r*v - 62. Is v a composite number?
False
Let w = -277 - -950. Is w composite?
False
Let x(m) = 415*m**2 - 4*m + 3. Let n be (-5)/(-2)*(-12)/(-15). Is x(n) a composite number?
True
Suppose 2*s + 2*s = 12. Suppose s*r + 2 = 11. Suppose -77 = -5*l - r*b, -2*l - b = 2*b - 38. Is l prime?
True
Let r = 144 + 13. Is r a composite number?
False
Suppose -2*b + 71 + 253 = 0. Let h = -108 + b. Let i = -31 + h. Is i composite?
False
Suppose 0 = -0*y - 4*y + 412. Suppose -2*t = 3*t - 2*h - 463, 3*h + y = t. Is t a composite number?
True
Let q(l) = -2*l. Let u be q(-1). Is (2*53/u)/1 composite?
False
Let d(l) be the third derivative of -l**7/5040 + l**6/144 + l**5/15 - 3*l**2. Let n(r) be the third derivative of d(r). Is n(-6) a prime number?
True
Let v(m) = -28*m - 53. Is v(-19) prime?
True
Let b(w) = -20*w + 25. Is b(-12) a prime number?
False
Suppose -2*k = -5*u - 1289, 0*u - 2*u = -k + 645. Is k a prime number?
True
Suppose 2*g - 2*s - 27 = 3*s, 0 = s + 3. Suppose -g*l = -l - 100. Let w = 29 - l. Is w prime?
False
Suppose p = 3*v + 7 + 7, p + 7 = -4*v. Suppose 7*k - 598 = p*k. Is k a composite number?
True
Let w = -10 + 12. Suppose -23 = -w*m + 55. Is m a composite number?
True
Suppose 5*m - 2657 = 1738. Is m composite?
True
Let x = -3 + 7. Suppose -3*t - 112 = -z, -2*z + 7*z - x*t - 615 = 0. Is z prime?
True
Let u(h) = h - 1. Let t(n) = -n**3 + 2*n**2 + 9*n - 12. Let v(s) = -t(s) + 5*u(s). Is v(5) a prime number?
False
Let d(c) = -11 - 6*c - 11*c + 2*c. Is d(-6) prime?
True
Suppose -185 - 855 = -4*s. Suppose 0 = 4*q + 5*b - 487 - 428, 0 = q - 5*b - s. Is q prime?
False
Let k(h) = 660*h**3 + h**2 - h. Let z be k(1). Let m = z + -416. Let a = 407 - m. Is a composite?
False
Suppose -3*i = -u - 0*u - 10, -35 = -5*i - 2*u. Suppose 0 = -0*m - 2*m - c + 41, -i*c = 4*m - 79. Is m a prime number?
False
Is ((2999/(-3))/1)/((-1)/3) composite?
False
Suppose 3*u + 4*w - 319 = 0, 0*w + 5*w = 5*u - 555. Suppose 0 = -7*y + 2*y - 380. Let d = y + u. Is d a composite number?
True
Suppose 2*g - 3*i + 71 = -0*g, -g = 5*i + 3. Let u = 9 - g. Is u prime?
True
Suppose 4*b - 4*l - 352 = 0, 2*b + 5*l - 196 = -34. Is b a composite number?
True
Suppose 0 = -3*i - 2*l - 12, 2*i + 8 = -4*l. Let m(c) = -c**2 - 6*c - 6. Let s be m(i). Suppose -a + 8 = v - s, 4*v - a = 40. Is v a prime number?
False
Suppose 0 = -4*w + 12. Let h be 141/2 + (-1)/2. Suppose -h = -4*m + 2*g + 62, -132 = -4*m - w*g. Is m prime?
False
Let f(z) be the third derivative of -17*z**4/8 - z**3/6 - 3*z**2. Is f(-4) composite?
True
Let r be (318/5)/(5/(-25)). Let s = r + 649. Is s a prime num